greatest common factor of 21 and 54012.
21
What is the greatest common divisor of 6980 and 130?
10
Calculate the greatest common divisor of 3744 and 7416.
72
What is the greatest common divisor of 13505 and 11680?
365
What is the greatest common divisor of 201 and 1861662?
201
Calculate the greatest common factor of 2255 and 28085.
205
What is the highest common factor of 54 and 68?
2
Calculate the greatest common factor of 100 and 1780.
20
Calculate the highest common divisor of 17051 and 4913.
289
What is the highest common factor of 1341 and 11622?
447
What is the highest common factor of 6340 and 260?
20
Calculate the highest common factor of 14579 and 24617.
239
What is the greatest common factor of 360 and 273840?
120
Calculate the highest common factor of 455 and 509275.
65
Calculate the greatest common divisor of 1728 and 13176.
216
What is the highest common divisor of 3065 and 774832?
613
What is the greatest common factor of 444 and 8732?
148
Calculate the highest common divisor of 72 and 140232.
24
What is the highest common factor of 203 and 78561?
203
What is the highest common divisor of 534 and 226683?
267
Calculate the highest common divisor of 120564 and 1496.
68
Calculate the highest common divisor of 12190 and 39790.
230
Calculate the greatest common factor of 3 and 442.
1
What is the greatest common divisor of 4338 and 31014?
18
Calculate the greatest common divisor of 39304 and 2040.
136
What is the highest common divisor of 2040 and 1560?
120
What is the highest common factor of 479584 and 896?
224
Calculate the highest common factor of 303475 and 39650.
1525
What is the greatest common factor of 100 and 15864?
4
Calculate the greatest common factor of 164046 and 4674.
114
What is the greatest common divisor of 524334 and 558?
186
Calculate the highest common factor of 6 and 1609230.
6
Calculate the highest common divisor of 4080 and 300.
60
Calculate the highest common divisor of 1009 and 134197.
1009
Calculate the greatest common factor of 5065 and 15.
5
What is the greatest common divisor of 774837 and 1911?
147
Calculate the highest common divisor of 700810 and 220.
110
What is the greatest common factor of 7198 and 36226?
118
What is the greatest common factor of 4018 and 1862?
98
What is the highest common factor of 444602 and 707?
101
What is the greatest common factor of 360450 and 3240?
810
What is the highest common factor of 79579 and 9?
1
What is the highest common factor of 40 and 827784?
8
Calculate the highest common factor of 1256657 and 493.
493
What is the highest common divisor of 639 and 16117?
71
What is the highest common divisor of 28 and 3481359?
7
What is the highest common factor of 10432 and 2771?
163
What is the highest common factor of 28 and 6648?
4
Calculate the greatest common divisor of 391 and 21423672.
391
What is the highest common factor of 873 and 33021?
9
Calculate the highest common factor of 46984 and 28.
28
Calculate the highest common divisor of 6802 and 45824.
358
What is the highest common divisor of 140777 and 442?
221
What is the highest common factor of 837 and 128223?
27
Calculate the highest common divisor of 148987 and 1556.
389
Calculate the highest common divisor of 84512 and 10944.
608
What is the greatest common divisor of 5742 and 139606?
58
What is the greatest common divisor of 14 and 9827566?
14
What is the greatest common factor of 25650 and 10350?
450
What is the highest common divisor of 616 and 14518?
14
What is the highest common divisor of 1064 and 252?
28
What is the highest common divisor of 16 and 476804?
4
Calculate the greatest common factor of 3724 and 50806.
266
Calculate the greatest common factor of 245872 and 4572.
508
Calculate the highest common factor of 296 and 175528.
296
Calculate the greatest common divisor of 104 and 345735.
13
What is the highest common factor of 343149 and 1177?
107
What is the highest common factor of 27580 and 56?
28
What is the greatest common divisor of 16900 and 23725?
325
Calculate the highest common factor of 105 and 2919.
21
Calculate the greatest common factor of 740 and 35930.
10
What is the highest common divisor of 25665 and 135?
15
What is the highest common divisor of 60 and 343250?
10
Calculate the greatest common factor of 66408 and 3.
3
Calculate the highest common divisor of 3345 and 9.
3
What is the highest common divisor of 2299 and 39325?
121
What is the highest common factor of 2144 and 36247?
67
Calculate the highest common divisor of 432 and 335448.
216
Calculate the greatest common divisor of 7060 and 2280.
20
What is the greatest common divisor of 3451 and 27829?
17
What is the greatest common factor of 324 and 14832?
36
What is the greatest common divisor of 12 and 430356?
12
Calculate the greatest common divisor of 141372 and 17820.
1188
Calculate the highest common factor of 1460043 and 13.
13
Calculate the greatest common factor of 10241 and 147.
49
Calculate the greatest common factor of 494 and 626886.
494
What is the highest common divisor of 78 and 5286?
6
Calculate the highest common factor of 5876 and 572.
52
Calculate the greatest common divisor of 1312 and 62528.
32
Calculate the greatest common divisor of 1993642 and 28.
14
What is the greatest common factor of 22219 and 9?
1
What is the greatest common divisor of 225822 and 366?
366
Calculate the highest common divisor of 10752 and 126.
42
What is the highest common divisor of 34810 and 10?
10
Calculate the highest common factor of 120764 and 133.
133
What is the greatest common factor of 98224 and 16?
16
What is the highest common factor of 299 and 1027?
13
Calculate the greatest common divisor of 327249 and 546.
39
What is the greatest common divisor of 48 and 70668?
12
What is the highest common divisor of 770430 and 183?
183
What is the greatest common factor of 1411 and 6953?
17
What is the highest common divisor of 120 and 168090?
30
Calculate the greatest common divisor of 38004 and 72.
12
Calculate the highest common divisor of 85872 and 30.
6
Calculate the highest common factor of 33236 and 602.
14
Calculate the greatest common factor of 1329 and 159923.
443
What is the greatest common divisor of 5504 and 14792?
344
Calculate the greatest common divisor of 341 and 23089.
11
Calculate the greatest common divisor of 30060 and 19372.
668
Calculate the greatest common factor of 161 and 70679.
161
Calculate the greatest common divisor of 431528 and 2052.
76
What is the greatest common divisor of 168 and 3842?
2
Calculate the greatest common divisor of 121 and 661958.
11
What is the greatest common factor of 9713 and 37969?
883
What is the greatest common divisor of 279 and 24858?
9
What is the greatest common factor of 823944 and 192?
24
What is the highest common divisor of 9 and 537615?
9
Calculate the highest common divisor of 121208 and 8720.
872
Calculate the highest common factor of 7420 and 77.
7
Calculate the greatest common divisor of 656 and 752.
16
What is the highest common factor of 10 and 595535?
5
Calculate the highest common divisor of 11292 and 12.
12
What is the highest common factor of 10658 and 219?
73
What is the greatest common divisor of 933 and 51?
3
Calculate the greatest common divisor of 93 and 13981.
31
What is the greatest common divisor of 2 and 137642?
2
What is the highest common factor of 68586 and 27600?
138
What is the highest common factor of 594 and 1476?
18
Calculate the highest common factor of 26 and 3406.
26
What is the greatest common divisor of 236 and 75874?
118
Calculate the highest common divisor of 190 and 259312.
38
Calculate the greatest common factor of 2219 and 4.
1
Calculate the greatest common divisor of 194831 and 21.
7
What is the highest common divisor of 27074 and 10?
2
What is the highest common divisor of 39809 and 21056?
329
What is the highest common factor of 47 and 61?
1
What is the highest common divisor of 11485 and 45?
5
What is the highest common divisor of 162461 and 416?
13
Calculate the highest common factor of 53700 and 84.
12
Calculate the highest common divisor of 421380 and 210.
30
Calculate the highest common divisor of 265 and 3570769.
53
What is the highest common factor of 70 and 10730?
10
Calculate the highest common factor of 33712 and 5096.
39